{"id":916,"date":"2025-09-26T13:43:53","date_gmt":"2025-09-26T11:43:53","guid":{"rendered":"https:\/\/klenart.click.si\/?post_type=product&#038;p=916"},"modified":"2025-12-27T16:09:38","modified_gmt":"2025-12-27T15:09:38","slug":"rugiada-di-rosa","status":"publish","type":"product","link":"https:\/\/klenart.si\/it\/prodotto\/rugiada-di-rosa\/","title":{"rendered":"Rose &#8220;Rosa&#8221; 2023"},"content":{"rendered":"<div class=\"wpb_text_column wpb_content_element\">\n<div class=\"wpb_wrapper\">\n<div class=\"wpb_text_column wpb_content_element\">\n<div class=\"wpb_wrapper\">\n<div class=\"wpb_text_column wpb_content_element\">\n<div class=\"wpb_wrapper\">\n<p>ROSA \u00e8 un raffinato rosato, caratterizzato da un delicato colore rosa con riflessi arancioni.<\/p>\n<p>Il bouquet \u00e8 particolarmente fruttato e ricorda il sapore di ciliegie, mirtilli rossi e anguria. La nota aromatica persiste piacevolmente anche nel sapore ricco, strutturato, asciutto e fresco, per poi fondersi in un armonioso e prolungato retrogusto. Un vino che si distingue per la straordinaria freschezza e nel contempo per il sapore austero, adatto ai pi\u00f9 svariati abbinamenti culanari. Ottimo per giornate estive e per rendere unici i piaceri gastronomici durante tutto l\u2019anno.<\/p>\n<\/div>\n<\/div>\n<div class=\"separator transparent\"><\/div>\n<div class=\"wpb_text_column wpb_content_element\">\n<div class=\"wpb_wrapper\">\n<p><em><b>UVE:<\/b>\u00a0Pinot nero 100%. Coltivazione a uno sperone.<\/em><\/p>\n<p><em><b>VENDEMMIA:<\/b>\u00a0Met\u00e0 agosto\u00a0<\/em><\/p>\n<p><em><b>VINIFICAZIONE:<\/b>\u00a0Parte del mosto viene prelevato dal pigiato ( metodo Saignee) e fatto fermentare a temperatura controllata. Il vino viene poi affinato sulle fecce fini e imbottigliato.<\/em><\/p>\n<p><em><b>ABBINAMENTI:\u00a0<\/b>Rosa \u00e8 un ottimo aperitivo da assaporare con delicati piatti estivi e antipasti freddi a base di pomodoro e formaggi freschi. Da accompagnare a paste e insalate, ma anche con ostriche, calamari e pesce alla griglia. Ottimo anche con il pollo.<\/em><\/p>\n<p><em><b>SERVIRE A TEMPERATURA:<\/b>\u00a08-10\u00b0C<\/em><\/p>\n<p><b>Vino DOC, 750 ml<\/b><\/p>\n<\/div>\n<\/div>\n<\/div>\n<\/div>\n<\/div>\n<\/div>","protected":false},"excerpt":{"rendered":"<p>ROSA je eleganten rose, ki ga odlikuje ne\u017ena roza barva z oran\u017enimi odtenki. Vino je v cvetici izrazito sadno in spominja na \u010de\u0161nje, brusnice in lubenico. Aromatika se prijetno nadaljuje tudi v okusu, ki je bogat, strukturen, suh in sve\u017e, ter kon\u010da z odli\u010dno persistenco in trajanjem v pookusu. To vino odlikuje izredno sve\u017eina, hkrati [&hellip;]<\/p>\n","protected":false},"featured_media":917,"template":"","meta":{"_acf_changed":false,"inline_featured_image":false,"_monsterinsights_skip_tracking":false,"_monsterinsights_sitenote_active":false,"_monsterinsights_sitenote_note":"","_monsterinsights_sitenote_category":0},"product_brand":[],"product_cat":[20],"product_tag":[],"class_list":{"0":"post-916","1":"product","2":"type-product","3":"status-publish","4":"has-post-thumbnail","6":"product_cat-klasicna-ponudba","8":"first","9":"instock","10":"taxable","11":"shipping-taxable","12":"purchasable","13":"product-type-simple"},"acf":[],"aioseo_notices":[],"_links":{"self":[{"href":"https:\/\/klenart.si\/it\/wp-json\/wp\/v2\/product\/916","targetHints":{"allow":["GET"]}}],"collection":[{"href":"https:\/\/klenart.si\/it\/wp-json\/wp\/v2\/product"}],"about":[{"href":"https:\/\/klenart.si\/it\/wp-json\/wp\/v2\/types\/product"}],"wp:featuredmedia":[{"embeddable":true,"href":"https:\/\/klenart.si\/it\/wp-json\/wp\/v2\/media\/917"}],"wp:attachment":[{"href":"https:\/\/klenart.si\/it\/wp-json\/wp\/v2\/media?parent=916"}],"wp:term":[{"taxonomy":"product_brand","embeddable":true,"href":"https:\/\/klenart.si\/it\/wp-json\/wp\/v2\/product_brand?post=916"},{"taxonomy":"product_cat","embeddable":true,"href":"https:\/\/klenart.si\/it\/wp-json\/wp\/v2\/product_cat?post=916"},{"taxonomy":"product_tag","embeddable":true,"href":"https:\/\/klenart.si\/it\/wp-json\/wp\/v2\/product_tag?post=916"}],"curies":[{"name":"parola chiave","href":"https:\/\/api.w.org\/{rel}","templated":true}]}}

<div class="wpb_text_column wpb_content_element">
<div class="wpb_wrapper">
<div class="wpb_text_column wpb_content_element">
<div class="wpb_wrapper">
<div class="wpb_text_column wpb_content_element">
<div class="wpb_wrapper">
<p>ROSA è un raffinato rosato, caratterizzato da un delicato colore rosa con riflessi arancioni.</p>
<p>Il bouquet è particolarmente fruttato e ricorda il sapore di ciliegie, mirtilli rossi e anguria. La nota aromatica persiste piacevolmente anche nel sapore ricco, strutturato, asciutto e fresco, per poi fondersi in un armonioso e prolungato retrogusto. Un vino che si distingue per la straordinaria freschezza e nel contempo per il sapore austero, adatto ai più svariati abbinamenti culanari. Ottimo per giornate estive e per rendere unici i piaceri gastronomici durante tutto l’anno.</p>
</div>
</div>
<div class="separator transparent"></div>
<div class="wpb_text_column wpb_content_element">
<div class="wpb_wrapper">
<p><em><b>UVE:</b> Pinot nero 100%. Coltivazione a uno sperone.</em></p>
<p><em><b>VENDEMMIA:</b> Metà agosto </em></p>
<p><em><b>VINIFICAZIONE:</b> Parte del mosto viene prelevato dal pigiato ( metodo Saignee) e fatto fermentare a temperatura controllata. Il vino viene poi affinato sulle fecce fini e imbottigliato.</em></p>
<p><em><b>ABBINAMENTI: </b>Rosa è un ottimo aperitivo da assaporare con delicati piatti estivi e antipasti freddi a base di pomodoro e formaggi freschi. Da accompagnare a paste e insalate, ma anche con ostriche, calamari e pesce alla griglia. Ottimo anche con il pollo.</em></p>
<p><em><b>SERVIRE A TEMPERATURA:</b> 8-10°C</em></p>
<p><b>Vino DOC, 750 ml</b></p>
</div>
</div>
</div>
</div>
</div>
</div>

<p>ROSA je eleganten rose, ki ga odlikuje nežna roza barva z oranžnimi odtenki. Vino je v cvetici izrazito sadno in spominja na češnje, brusnice in lubenico. Aromatika se prijetno nadaljuje tudi v okusu, ki je bogat, strukturen, suh in svež, ter konča z odlično persistenco in trajanjem v pookusu. To vino odlikuje izredno svežina, hkrati [&hellip;]</p>
